= -46*z - 6. Let b be v(-1). Let c = -35 + b. Suppose 0*d = -d - c*f + 78, -5*d - 4*f + 369 = 0. List the prime factors of d.
73
Let i be (378/147)/((-1)/(-7)). Let u = 4 + i. Suppose -w - 181 = -4*x, 3*x - 107 = 3*w + u. What are the prime factors of x?
2, 23
List the prime factors of (-546)/1820 + 735363/10.
2, 3, 383
Let w(u) = -u**3 + 24*u**2 + 33*u + 19. Let m = 28 + -3. What are the prime factors of w(m)?
3, 73
Let l = -33853 + 87491. What are the prime factors of l?
2, 13, 2063
Let o(m) = 23*m. Suppose 2*x - 144 = -130. Suppose 2*v = 4*j - 50, -16 = -j - 3*v + x*v. List the prime factors of o(j).
2, 3, 23
Let n(l) = 3*l + 47. Let q be n(-15). List the prime factors of (-19 - q)/(-7) + 237.
2, 3, 5
Let p(c) = c**3 + 8*c**2 + 7*c + 4. Let f be p(-7). Suppose -5*d = -f*d. Suppose 5*b - 431 - 229 = d. List the prime factors of b.
2, 3, 11
Let y = 173 + -329. List the prime factors of y/104*(226/(-6) + -1).
2, 29
Let y(l) = 9*l**2 + 60*l - 28. List the prime factors of y(-62).
2, 241
Let v(a) = 2*a + 12. Suppose 5*q - 7*q + 12 = 0. Suppose 30 = 3*h - w, -2*h + 9 = w - q. List the prime factors of v(h).
2, 3, 5
Let j(q) = 98*q**3 + q**2 + 59*q - 225. List the prime factors of j(5).
3, 5, 823
Suppose -3 = -t + 2. Let w be 8/((-192)/8)*-9. Suppose 0 = -2*r + t*v + 339, 2*r + 8*v - w*v = 309. What are the prime factors of r?
2, 3
Suppose 2*y = -3*u + 10625, -4*u = 10*y - 5*y - 26552. Suppose -52*f = -56*f + y. List the prime factors of f.
1327
Suppose 5 - 23 = -6*g. Suppose -2004 = -3*v + g*x, 23 = -v + 3*x + 691. List the prime factors of v.
2, 167
Let b = 261 - 268. Let i(y) = -15*y + 76. List the prime factors of i(b).
181
Let s(i) = 166*i + 2. Let j be s(-2). Let t(l) = -2*l**2 - 10*l - 55. Let c be t(-10). Let o = c - j. What are the prime factors of o?
5, 7
Let n(x) = -1 + 90*x - 6 + 221*x - 6 - 1. What are the prime factors of n(4)?
2, 3, 5, 41
Let n = -48 + 44. Let m be (-9)/12 + (-23)/n. Suppose -m*k = -395 - 500. What are the prime factors of k?
179
Let k = 9924 - 9843. Let v be 2 - (2 + -1 - 90). Let q = v + k. List the prime factors of q.
2, 43
Let r(p) = p**3 + 13*p**2 + 3*p - 26. Let w(l) = -3*l + 48. Let b be w(20). List the prime factors of r(b).
2, 41
Suppose 78*y - 1146 = 79*y. Let t = -527 - y. List the prime factors of t.
619
Suppose 4*x + h + 14909 = 0, -5*x + 3*h - 7451 = -3*x. Let y = x - -5364. List the prime factors of y.
1637
Let v(r) = -2*r**3 - 33*r**2 - 329*r - 49. List the prime factors of v(-21).
7, 13, 17
Suppose 112398 = 865*i - 859*i. List the prime factors of i.
11, 13, 131
Let u(b) be the first derivative of -6*b + 1/3*b**3 + b**2 + 6. What are the prime factors of u(-6)?
2, 3
Let f = -482 - -842. Let d = 265 + f. What are the prime factors of d?
5
Let q = 8 + -11. Let d be 31 + (q + 9 - 3). Let g = 71 - d. List the prime factors of g.
37
Let k = 22 - 8. Let q = k - 20. Let s = q + 42. What are the prime factors of s?
2, 3
Suppose -3*v = -30 + 24. Suppose -x - 147 = -v*x. Suppose 2*s + x = 5*q, 0*q = -3*q - 3*s + 105. What are the prime factors of q?
31
Suppose -3*z - 2*z - 501 = r, r = z + 99. Let a = z - -103. Suppose 5 = q + 4*d - 12, -q = -3*d - a. What are the prime factors of q?
3
Let c(g) = g**2 - g + 40. Let u be c(-6). Suppose 2*w = -w - 5*n + u, -2*n - 2 = 0. List the prime factors of w.
29
Suppose 3*s - 5*u - 24 = 0, -4*u + 3 = 2*s + 9. Suppose 0 = s*h + 3*c - 27, -4*h + 43 = -2*c + 7. What are the prime factors of h/(-1)*(7 - 10)?
3
Suppose 977 = s - p, 827*s + 2*p + 2938 = 830*s. What are the prime factors of s?
2, 3, 41
Suppose -2 = -4*q + 10. Suppose -3*v - 5*r = -39, 2*r + 2 = 3*v - 2*v. What are the prime factors of -230*((-12)/v)/q?
5, 23
Suppose 0 = 339*x - 19101458 - 4737022. What are the prime factors of x?
2, 3, 5, 293
Suppose -303*v = -299*v + 16. What are the prime factors of (21/v)/(((-351)/2088)/13)?
2, 7, 29
Suppose 2*a - 6441 - 3853 = 0. Suppose 15057 = 10*h + a. What are the prime factors of h?
991
Let g(f) be the third derivative of -2*f**4 - 91*f**3/2 + 207*f**2. List the prime factors of g(-35).
3, 7, 67
Let r be ((-8)/(-16))/(5/600). What are the prime factors of (-8012)/(-10) + 48/r?
2, 401
Suppose 3*v + 15 = 0, 0 = o + v + v + 1388. What are the prime factors of 3/((-3)/(-2)) - o/26?
5, 11
Suppose 3*m - 3*y - 4114 = -5*y, -2*m = y - 2745. List the prime factors of m.
2, 43
Suppose 0 = h - 3*g - 2*g + 158, -512 = 4*h + 4*g. Suppose -j = 5*k + 60 - 278, -3*k + 3 = 0. Let b = h + j. List the prime factors of b.
2, 5
Let v = 354 + -162. Suppose -198*p = -v*p - 648. What are the prime factors of p?
2, 3
Suppose -8*q + 6*q = 3*g + 1, -3*g - 21 = -3*q. What are the prime factors of 138/((3 - g)/6)?
2, 3, 23
Let y = 1 + 2. Let t(p) = -11*p**3 - p**2 - 11*p + 3. Let x(h) = -5*h**3 - 5*h + 2. Let s(o) = 2*t(o) - 5*x(o). What are the prime factors of s(y)?
2, 17
Let u(p) = 48*p**2 - 4*p - 7. Let m be u(17). List the prime factors of (8/6)/(7/(m/18)).
2, 73
Let m be 8/(-18)*102*-3. Let i = m - -165. What are the prime factors of i?
7, 43
Let i be 6 + ((-2 - 0) + 0 - -22). Suppose 2*r - i*t + 21*t = 1965, 0 = -4*r - t + 3897. List the prime factors of r.
3, 5, 13
Let v(z) = z**3 + 90*z**2 + 64*z + 1280. What are the prime factors of v(-78)?
2, 61, 71
Let t(c) = 100*c**2 + 33*c - 69. Let i be t(2). What are the prime factors of (-22 + 6 - -13) + 1*i?
2, 197
Let j = 34787 + -1588. What are the prime factors of j?
33199
Let f(k) = k**3 + 5*k**2 + 17*k - 103. Let o(w) = -w**2 + 36*w + 126. Let y be o(39). List the prime factors of f(y).
2, 37
Let d = -414 - -418. Suppose d*y + y + 2*m = 4986, 0 = -y + 3*m + 987. What are the prime factors of y?
2, 3, 83
Suppose -18*j - 6*g + 3*g = -399729, 5*g - 66653 = -3*j. What are the prime factors of j?
2, 3, 3701
Let h(f) = -f**3 + 4*f**2 + 9*f + 1. Let a be h(-2). List the prime factors of 2/(-7) - ((-751)/a - -1).
2, 53
Suppose 0 = 35*t - 40*t + 36170. List the prime factors of t.
2, 3617
Let o(s) = -s**3 - 26*s**2 - 49*s + 102. Let y be o(-24). Let x = -82 - -44. Let n = y + x. List the prime factors of n.
2, 11
Let t(a) = -a**2 + 7*a - 1. Let b be t(5). Suppose 2*p = 3*q - b, 2*p - 9 = 3*q - 6*q. Suppose 8*x - 5*x - 369 = p. What are the prime factors of x?
3, 41
Suppose -4*p - p - 47748 = -4*b + 61572, 4*p = 0. List the prime factors of b.
2, 3, 5, 911
Suppose f - 5*f - 8 = 0. Suppose -2*b = 3*k + 10, b - 4*k - 18 = -12. List the prime factors of (38 - b) + (f - -1).
3, 13
Let u(k) = k**3 - 12*k**2 + 13*k - 16. Let o be u(11). Suppose -3*q + o = -0*q. Suppose -4*b + 556 = -q*b. List the prime factors of b.
2, 139
Let b be (3767*(-1)/2)/((-53)/106). Suppose -u = -4*z - 575 + b, -z = 3*u - 798. List the prime factors of z.
2, 3, 7, 19
Suppose a - 12*a = -3696. Suppose 996 - a = 2*u. Suppose -j + 11*j = u. List the prime factors of j.
3, 11
Let s be ((-2)/(-4) + -1)/(2/(-12)). Suppose s*c - 10 = -5*t - c, 2*c = 0. Suppose 3*d - t*d - 81 = 0. What are the prime factors of d?
3
Let c = 74847 - 14192. What are the prime factors of c?
5, 7, 1733
Let z = 34 - 5. Suppose 21*u - z*u = -56. What are the prime factors of u/((-140)/(-75))*52?
3, 5, 13
Suppose 17*g - 14*g - 83763 = -r, -167514 = -2*r - 2*g. What are the prime factors of r?
2, 3, 11, 47
List the prime factors of 868 + (0 - 23) + 33.
2, 439
What are the prime factors of 3/(-4) + (1793631/84 - -10)?
2, 11, 971
Let f = 44 - 41. Suppose -3*s - l + 412 = 0, f*s - 407 = -l - l. List the prime factors of s.
139
Let x be (0 - 2)*(-16)/(-32) + -477. Let l = 807 + x. List the prime factors of l.
7, 47
Let h = 138 + -143. List the prime factors of (h + -122 + 6)/(-1).
11
Let r = -37 - -42. Suppose -1115 = -r*o + 5*w, w = -3*w. Suppose -5*l = -o + 63. List the prime factors of l.
2
Suppose -2*n - 2462 = s - 13047, 5*n + 4*s - 26458 = 0. What are the prime factors of n?
2, 2647
Suppose 2*x - 13 = 2*t + 45, 3*t - x + 79 = 0. Suppose 33*w = 34*w - 39. Let j = w - t. List the prime factors of j.
2
Let t = -3 + 7. Let q be 238/98 + (-54)/126. Suppose q*w - 217 = -3*o + 3*w, -4*o = t*w - 268. List the prime factors of o.
71
Let v(o) = -63*o - 1695. What are the prime factors of v(-75)?
2, 3, 5, 101
Suppose 54*u = 56*u - 180. Let n = u + 1. What are the prime factors of n?
7, 13
Let d = 158 + -162. Suppose -4*